{"id":31,"date":"2017-01-04T22:20:47","date_gmt":"2017-01-04T21:20:47","guid":{"rendered":"http:\/\/hdpsycho.fr\/?page_id=31"},"modified":"2026-01-02T22:00:49","modified_gmt":"2026-01-02T21:00:49","slug":"emdr","status":"publish","type":"page","link":"https:\/\/opsymum.fr\/index.php\/emdr\/","title":{"rendered":"EMDR"},"content":{"rendered":"\n<p><\/p>\n\n\n\n<p class=\"has-large-font-size\"><strong>Le retraitement des exp\u00e9riences difficiles<\/strong><\/p>\n\n\n\n<div class=\"wp-block-group has-light-gray-background-color has-background\"><div class=\"wp-block-group__inner-container is-layout-constrained wp-block-group-is-layout-constrained\">\n<p class=\"has-normal-font-size\">Nos comportements et nos ressentis sont li\u00e9s \u00e0 notre programme g\u00e9n\u00e9tique mais aussi et surtout \u00e0 la fa\u00e7on dont nos souvenirs sont stock\u00e9s et trait\u00e9s dans notre cerveau.<\/p>\n\n\n\n<p class=\"has-normal-font-size\">Francine Shapiro a d\u00e9velopp\u00e9 l&rsquo;EMDR \u00e0 partir des ann\u00e9es 1980. Elle explique dans son ouvrage \u201cD\u00e9passer le pass\u00e9\u201d ((2014) que \u00ab les souvenirs sont \u00e0 la base aussi bien de nos sympt\u00f4mes que de notre sant\u00e9 mentale \u00bb.<\/p>\n\n\n\n<p class=\"has-normal-font-size\">Les souvenirs sont ainsi physiquements stock\u00e9s dans des r\u00e9seaux de neurones. Les souvenirs traumatiques sont inscrits de mani\u00e8re brute, avec les images, sensations, \u00e9motions et pens\u00e9es n\u00e9gatives pr\u00e9sentes au moment de l\u2019\u00e9v\u00e9nement. Ces informations non trait\u00e9es sont r\u00e9activ\u00e9es automatiquement dans le pr\u00e9sent par certaines situations : des d\u00e9clencheurs. <\/p>\n\n\n\n<p class=\"has-normal-font-size\">Bonne nouvelle : rien n\u2019est d\u00e9finitif. Le corps, et le cerveau qui en fait partie, sont programm\u00e9s pour gu\u00e9rir et les \u00e9tudes en neurosciences montrent que le cerveau humain conserve tout au long de la vie une capacit\u00e9 \u00e0 se modifier (neuroplasticit\u00e9).<\/p>\n\n\n\n<figure class=\"wp-block-image size-full is-resized\"><img loading=\"lazy\" decoding=\"async\" width=\"533\" height=\"310\" src=\"http:\/\/hdpsycho.fr\/wp-content\/uploads\/2017\/01\/emdr-logo.png\" alt=\"\" class=\"wp-image-67\" style=\"width:614px;height:357px\" srcset=\"https:\/\/opsymum.fr\/wp-content\/uploads\/2017\/01\/emdr-logo.png 533w, https:\/\/opsymum.fr\/wp-content\/uploads\/2017\/01\/emdr-logo-300x174.png 300w\" sizes=\"auto, (max-width: 533px) 100vw, 533px\" \/><\/figure>\n\n\n\n<p class=\"has-normal-font-size\">Les stimulations utilis\u00e9es en EMDR permettent au syst\u00e8me nerveux de retraiter les informations traumatiques (\u00e9motions, informations sensorielles, pens\u00e9es n\u00e9gatives sur soi) en stimulant le syst\u00e8me de traitement adaptatif de l\u2019information.<\/p>\n\n\n\n<p class=\"has-normal-font-size\">Au final, les sympt\u00f4mes disparaissent.<\/p>\n\n\n\n<p class=\"has-normal-font-size\">Le souvenir n\u2019est pas effac\u00e9 mais ne g\u00e9n\u00e8re plus de perturbations dans le pr\u00e9sent.<\/p>\n<\/div><\/div>\n\n\n\n<h3 class=\"wp-block-heading\">&nbsp;<\/h3>\n\n\n\n<figure class=\"wp-block-video\"><video controls src=\"http:\/\/hdpsycho.fr\/wp-content\/uploads\/2017\/01\/ATTENTAT-DU-BATACLAN-THERAPIE-EMDR-DUNE-RESCAPEE.mp4\"><\/video><\/figure>\n\n\n\n<p>Reportage EMDR France (2016). Attentat du bataclan : Th\u00e9rapie EMDR d\u2019une rescap\u00e9e.<\/p>\n\n\n\n<h3 class=\"wp-block-heading has-large-font-size\"><strong>Une th\u00e9rapie reconnue pour son efficacit\u00e9<\/strong><\/h3>\n\n\n<div class=\"wp-block-image\">\n<figure class=\"alignright is-resized\"><a href=\"http:\/\/www.EMDR-france.org\"><img loading=\"lazy\" decoding=\"async\" width=\"300\" height=\"290\" src=\"http:\/\/hdpsycho.fr\/wp-content\/uploads\/2017\/01\/logo-emdr-europe-300x290.gif\" alt=\"\" class=\"wp-image-162\" style=\"aspect-ratio:1.034488968932913;width:362px;height:auto\" srcset=\"https:\/\/opsymum.fr\/wp-content\/uploads\/2017\/01\/logo-emdr-europe-300x290.gif 300w, https:\/\/opsymum.fr\/wp-content\/uploads\/2017\/01\/logo-emdr-europe-768x742.gif 768w, https:\/\/opsymum.fr\/wp-content\/uploads\/2017\/01\/logo-emdr-europe-1024x990.gif 1024w\" sizes=\"auto, (max-width: 300px) 100vw, 300px\" \/><\/a><\/figure>\n<\/div>\n\n\n<figure class=\"wp-block-image is-resized\"><a href=\"https:\/\/www.youtube.com\/watch?v=ZZhui-Rm18U\"><img loading=\"lazy\" decoding=\"async\" width=\"300\" height=\"155\" src=\"http:\/\/hdpsycho.fr\/wp-content\/uploads\/2017\/01\/Arte-2010-emdr-peur-300x155.png\" alt=\"\" class=\"wp-image-90\" style=\"width:688px;height:355px\" srcset=\"https:\/\/opsymum.fr\/wp-content\/uploads\/2017\/01\/Arte-2010-emdr-peur-300x155.png 300w, https:\/\/opsymum.fr\/wp-content\/uploads\/2017\/01\/Arte-2010-emdr-peur-768x397.png 768w, https:\/\/opsymum.fr\/wp-content\/uploads\/2017\/01\/Arte-2010-emdr-peur.png 831w\" sizes=\"auto, (max-width: 300px) 100vw, 300px\" \/><\/a><\/figure>\n\n\n\n<p>Voir le <a href=\"https:\/\/www.youtube.com\/watch?v=ZZhui-Rm18U\">reportage d&rsquo;Arte (2010) :&nbsp; <em>en finir avec la peur<\/em><\/a> (la question de l&rsquo;EMDR est abord\u00e9e entre 27:28 et 30:02)<\/p>\n\n\n\n<p class=\"has-light-gray-background-color has-background has-normal-font-size\">L&rsquo;EMDR est l&rsquo;une des psychoth\u00e9rapies&nbsp;les plus \u00e9tudi\u00e9es sur le plan de la recherche internationale en sant\u00e9 mentale, avec des dizaines d\u2019\u00e9tudes publi\u00e9es dans des revues avec comit\u00e9 de lecture et r\u00e9f\u00e9renc\u00e9es dans les bases de donn\u00e9es renomm\u00e9es dans la recherche scientifique (medline, pubmed, psychinfo, etc.). Plusieurs \u00e9tudes randomis\u00e9es et contr\u00f4l\u00e9es (permettant notamment de neutraliser l\u2019effet placebo) ont prouv\u00e9 son efficacit\u00e9 durable en mati\u00e8re de r\u00e9duction des sympt\u00f4mes psychiques, en particulier psychotraumatiques.<\/p>\n\n\n\n<p class=\"has-pale-ocean-gradient-background has-background has-normal-font-size\">L&rsquo;EDMR, avec maintenant trente cinq ann\u00e9es de recul, est d\u00e9sormais reconnue dans la communaut\u00e9 scientifique comme une th\u00e9rapie de premier choix dans le traitement des troubles psychotraumatiques chez l&rsquo;adulte et l&rsquo;enfant. Elle a ainsi obtenu la validation des instances les plus exigeantes en mati\u00e8re de sant\u00e9, par exemple l&rsquo;Institut National de la Sant\u00e9 et de la Recherche M\u00e9dicale (INSERM), l&rsquo;Association Psychiatrique Am\u00e9ricaine (APA), la Haute Autorit\u00e9 de Sant\u00e9 et l&rsquo;Organisation Mondiale de la Sant\u00e9 (en 2013).<\/p>\n\n\n\n<p class=\"has-light-gray-background-color has-background has-normal-font-size\">Quant aux processus, la recherche s&rsquo;attache \u00e0 expliquer les m\u00e9canismes \u00e0 l&rsquo;oeuvre, qui restent encore \u00e0 \u00e9claircir (comme dans la plupart des psychoth\u00e9rapies). Des \u00e9tudes cherchent \u00e0 expliquer les ph\u00e9nom\u00e8nes constat\u00e9s en faisant appel \u00e0 la m\u00e9moire de travail, sollicit\u00e9e en EMDR de mani\u00e8re particuli\u00e8re gr\u00e2ce \u00e0 l\u2019attention double provoqu\u00e9e par les stimulations bilat\u00e9rale. D\u2019autres \u00e9tudes font appel \u00e0 des explications&nbsp; faisant appel au sommeil paradoxal et \u00e0 des m\u00e9canismes interh\u00e9misph\u00e9riques.<\/p>\n\n\n\n<p class=\"has-light-gray-background-color has-background has-normal-font-size\">Les \u00e9tudes faisant appel \u00e0 l&rsquo;imagerie m\u00e9dicale ont montr\u00e9 l\u2019impact du psychotraumatisme sur le plan de l\u2019activit\u00e9 et m\u00eame des volumes de structures c\u00e9r\u00e9brales. Les mesures neurophysiologiques r\u00e9alis\u00e9es avant, pendant et apr\u00e8s les s\u00e9ances de th\u00e9rapie EMDR ont pu montrer des modifications sur le plan de l&rsquo;activit\u00e9 c\u00e9r\u00e9brale (processus de reliaison entre les structures limbiques et pr\u00e9frontales notamment). Je vous invite \u00e0 lire notamment les articles de Uri Bergmann sur le sujet.<\/p>\n\n\n\n<p class=\"has-large-font-size\"><strong>Des professionnels sp\u00e9cialement form\u00e9s<\/strong><\/p>\n\n\n\n<p class=\"has-pale-ocean-gradient-background has-background has-normal-font-size\">Les th\u00e9rapeutes accr\u00e9dit\u00e9s sont ceux encadr\u00e9s par l\u2019association internationale d\u2019EMDR (EMDRIA) et EMDR-Europe. Ce sont des professionnels de sant\u00e9 mentale (psychologues, psychiatres, etc.) exp\u00e9riment\u00e9s, supervis\u00e9s et form\u00e9s de mani\u00e8re rigoureuse \u00e0 l\u00a0\u00bbapproche EMDR dans ses aspects th\u00e9oriques, pratiques et d\u00e9ontologiques. Vous trouverez sur le site <a href=\"http:\/\/www.emdr-france.org\/web\/annuaire-general\/\"><strong>www.emdr-france.org<\/strong><\/a> <a href=\"https:\/\/www.emdr-france.org\/fr\/annuaire-therapeutes-emdr\">l\u2019annuaire officiel.<\/a><\/p>\n\n\n\n<p><\/p>\n","protected":false},"excerpt":{"rendered":"<p>Le retraitement des exp\u00e9riences difficiles Nos comportements et nos ressentis sont li\u00e9s \u00e0 notre programme g\u00e9n\u00e9tique mais aussi et surtout \u00e0 la fa\u00e7on dont nos &hellip;<\/p>\n","protected":false},"author":1,"featured_media":0,"parent":0,"menu_order":0,"comment_status":"closed","ping_status":"closed","template":"","meta":{"footnotes":""},"class_list":["post-31","page","type-page","status-publish","hentry"],"_links":{"self":[{"href":"https:\/\/opsymum.fr\/index.php\/wp-json\/wp\/v2\/pages\/31","targetHints":{"allow":["GET"]}}],"collection":[{"href":"https:\/\/opsymum.fr\/index.php\/wp-json\/wp\/v2\/pages"}],"about":[{"href":"https:\/\/opsymum.fr\/index.php\/wp-json\/wp\/v2\/types\/page"}],"author":[{"embeddable":true,"href":"https:\/\/opsymum.fr\/index.php\/wp-json\/wp\/v2\/users\/1"}],"replies":[{"embeddable":true,"href":"https:\/\/opsymum.fr\/index.php\/wp-json\/wp\/v2\/comments?post=31"}],"version-history":[{"count":13,"href":"https:\/\/opsymum.fr\/index.php\/wp-json\/wp\/v2\/pages\/31\/revisions"}],"predecessor-version":[{"id":419,"href":"https:\/\/opsymum.fr\/index.php\/wp-json\/wp\/v2\/pages\/31\/revisions\/419"}],"wp:attachment":[{"href":"https:\/\/opsymum.fr\/index.php\/wp-json\/wp\/v2\/media?parent=31"}],"curies":[{"name":"wp","href":"https:\/\/api.w.org\/{rel}","templated":true}]}}